alculate the greatest common factor of 76 and 133.
19
Calculate the highest common factor of 1 and 233.
1
Calculate the greatest common divisor of 46 and 2806.
46
Calculate the highest common divisor of 116 and 22562.
58
Calculate the highest common factor of 1 and 2048.
1
What is the greatest common divisor of 96 and 2208?
96
What is the highest common factor of 161 and 252?
7
What is the greatest common factor of 3330 and 900?
90
What is the greatest common divisor of 20 and 12?
4
What is the highest common factor of 1536 and 48?
48
Calculate the highest common factor of 505 and 202.
101
What is the greatest common divisor of 380 and 2565?
95
What is the highest common factor of 180 and 16020?
180
Calculate the highest common factor of 192 and 33888.
96
What is the highest common divisor of 9 and 6?
3
Calculate the highest common factor of 1819 and 34.
17
What is the highest common divisor of 2587 and 13?
13
What is the greatest common factor of 112 and 1024?
16
Calculate the greatest common divisor of 116 and 1508.
116
What is the highest common divisor of 121 and 3069?
11
What is the greatest common divisor of 2259 and 3?
3
Calculate the greatest common divisor of 111 and 2257.
37
What is the greatest common divisor of 3 and 49?
1
What is the greatest common divisor of 56 and 128?
8
What is the highest common divisor of 13 and 26?
13
What is the highest common divisor of 184 and 23?
23
Calculate the highest common divisor of 119 and 68.
17
What is the greatest common factor of 36 and 90?
18
What is the greatest common factor of 80 and 10?
10
Calculate the highest common factor of 424 and 8.
8
Calculate the highest common divisor of 28 and 532.
28
Calculate the greatest common divisor of 294 and 1372.
98
What is the highest common divisor of 7504 and 448?
112
Calculate the highest common factor of 7 and 13657.
7
Calculate the highest common divisor of 2989 and 61.
61
What is the highest common divisor of 130 and 3510?
130
Calculate the highest common factor of 25 and 126.
1
Calculate the highest common divisor of 41 and 369.
41
Calculate the greatest common divisor of 54 and 594.
54
What is the greatest common factor of 32 and 424?
8
What is the highest common factor of 26 and 1417?
13
Calculate the highest common factor of 2 and 2448.
2
Calculate the highest common divisor of 21105 and 315.
315
Calculate the greatest common factor of 14 and 126.
14
What is the highest common factor of 38 and 8018?
38
What is the greatest common factor of 210 and 798?
42
What is the highest common factor of 160 and 2350?
10
Calculate the greatest common divisor of 1104 and 2346.
138
Calculate the greatest common factor of 493 and 58.
29
What is the greatest common factor of 6 and 30?
6
Calculate the greatest common divisor of 153 and 187.
17
Calculate the highest common factor of 147 and 168.
21
What is the greatest common factor of 39 and 3003?
39
Calculate the greatest common factor of 1647 and 27.
27
What is the greatest common factor of 35 and 28315?
35
What is the greatest common divisor of 54 and 288?
18
Calculate the highest common divisor of 356 and 13261.
89
What is the highest common divisor of 1030 and 90?
10
What is the greatest common factor of 105 and 595?
35
Calculate the highest common divisor of 123 and 4469.
41
What is the highest common factor of 425 and 85?
85
Calculate the greatest common divisor of 6 and 294.
6
Calculate the highest common factor of 333 and 24.
3
What is the greatest common factor of 9 and 1359?
9
Calculate the highest common factor of 80 and 40.
40
What is the greatest common divisor of 14 and 134680?
14
What is the greatest common factor of 45543 and 323?
323
Calculate the highest common divisor of 452 and 16.
4
Calculate the greatest common divisor of 22 and 134.
2
Calculate the highest common divisor of 244 and 20.
4
What is the highest common factor of 9774 and 54?
54
What is the greatest common divisor of 189 and 84?
21
Calculate the highest common factor of 6 and 156.
6
Calculate the highest common divisor of 117 and 559.
13
What is the greatest common factor of 3 and 9?
3
Calculate the highest common divisor of 975 and 1875.
75
What is the highest common divisor of 189 and 315?
63
Calculate the greatest common factor of 540 and 2970.
270
What is the greatest common factor of 4116 and 12?
12
Calculate the greatest common factor of 165 and 66.
33
What is the greatest common divisor of 882 and 18?
18
What is the highest common divisor of 13244 and 11?
11
What is the greatest common divisor of 3 and 1551?
3
Calculate the highest common divisor of 100 and 32.
4
What is the greatest common factor of 672 and 42?
42
What is the greatest common divisor of 549 and 3782?
61
Calculate the highest common divisor of 8 and 34.
2
Calculate the greatest common factor of 184 and 88.
8
Calculate the greatest common factor of 9 and 2979.
9
Calculate the greatest common factor of 39731 and 67.
67
Calculate the greatest common factor of 33 and 306.
3
What is the highest common factor of 6 and 456?
6
What is the highest common factor of 2195 and 5?
5
Calculate the greatest common divisor of 36 and 63.
9
Calculate the greatest common divisor of 7 and 875.
7
What is the highest common divisor of 20 and 44420?
20
Calculate the highest common factor of 230 and 355.
5
Calculate the highest common factor of 59 and 2124.
59
Calculate the highest common divisor of 6 and 438.
6
What is the highest common factor of 67621 and 19?
19
Calculate the highest common factor of 27 and 999.
27
Calculate the greatest common divisor of 132 and 22.
22
Calculate the highest common divisor of 116 and 4.
4
What is the greatest common factor of 92038 and 17?
17
What is the greatest common factor of 77 and 154?
77
Calculate the greatest common factor of 3122 and 56.
14
What is the greatest common factor of 364 and 52?
52
Calculate the greatest common factor of 32 and 380.
4
Calculate the greatest common factor of 2 and 58.
2
What is the greatest common divisor of 30 and 230?
10
Calculate the highest common factor of 183 and 1769.
61
Calculate the greatest common divisor of 132 and 1221.
33
What is the greatest common divisor of 26 and 9997?
13
What is the greatest common divisor of 32 and 1?
1
Calculate the highest common divisor of 60 and 7185.
15
Calculate the greatest common divisor of 2862 and 378.
54
Calculate the highest common factor of 4 and 46.
2
Calculate the highest common divisor of 1271 and 82.
41
What is the highest common factor of 6208 and 97?
97
Calculate the highest common factor of 40 and 1080.
40
Calculate the highest common divisor of 1 and 47.
1
Calculate the highest common factor of 28 and 27132.
28
Calculate the highest common divisor of 370 and 250.
10
Calculate the greatest common factor of 30 and 6606.
6
Calculate the greatest common divisor of 44 and 143.
11
Calculate the greatest common factor of 21 and 14.
7
Calculate the greatest common divisor of 1323 and 4725.
189
What is the highest common divisor of 18 and 22?
2
Calculate the highest common divisor of 33 and 39.
3
What is the greatest common factor of 222 and 1258?
74
What is the greatest common factor of 6109 and 82?
41
What is the highest common divisor of 16 and 688?
16
Calculate the greatest common divisor of 704 and 1628.
44
Calculate the greatest common factor of 2715 and 15.
15
Calculate the highest common divisor of 3336 and 24.
24
What is the greatest common factor of 94 and 18?
2
Calculate the greatest common factor of 1243 and 110.
11
What is the highest common factor of 66 and 198?
66
What is the highest common factor of 60 and 570?
30
Calculate the greatest common divisor of 56 and 16.
8
Calculate the greatest common divisor of 430 and 258.
86
What is the greatest common factor of 6 and 16?
2
Calculate the greatest common divisor of 1314 and 549.
9
What is the greatest common divisor of 207 and 4761?
207
What is the highest common factor of 12 and 372?
12
What is the highest common factor of 17 and 272?
17
Calculate the greatest common divisor of 24173 and 23.
23
What is the highest common divisor of 54 and 24?
6
What is the highest common factor of 72 and 168?
24
What is the highest common factor of 56 and 6524?
28
Calculate the greatest common factor of 28